{"version":"1.0","provider_name":"jacqueline-fehr.blog - Blog von Jacqueline Fehr","provider_url":"https:\/\/jacqueline-fehr.blog\/wordpress","author_name":"Redaktion","author_url":"https:\/\/jacqueline-fehr.blog\/wordpress\/author\/redaktion\/","title":"Sicherheit gegen \u00d6ffnung | Blog von Jacqueline Fehr","type":"rich","width":600,"height":338,"html":"<blockquote class=\"wp-embedded-content\"><a href=\"https:\/\/jacqueline-fehr.blog\/wordpress\/sicherheit-gegen-oeffnung\/\">Sicherheit gegen \u00d6ffnung<\/a><\/blockquote>\n<script type='text\/javascript'>\n<!--\/\/--><![CDATA[\/\/><!--\n\t\t\/*! This file is auto-generated *\/\n\t\t!function(d,l){\"use strict\";var e=!1,n=!1;if(l.querySelector)if(d.addEventListener)e=!0;if(d.wp=d.wp||{},!d.wp.receiveEmbedMessage)if(d.wp.receiveEmbedMessage=function(e){var t=e.data;if(t)if(t.secret||t.message||t.value)if(!\/[^a-zA-Z0-9]\/.test(t.secret)){for(var r,i,a,s=l.querySelectorAll('iframe[data-secret=\"'+t.secret+'\"]'),n=l.querySelectorAll('blockquote[data-secret=\"'+t.secret+'\"]'),o=new RegExp(\"^https?:$\",\"i\"),c=0;c<n.length;c++)n[c].style.display=\"none\";for(c=0;c<s.length;c++)if(r=s[c],e.source===r.contentWindow){if(r.removeAttribute(\"style\"),\"height\"===t.message){if(1e3<(a=parseInt(t.value,10)))a=1e3;else if(~~a<200)a=200;r.height=a}if(\"link\"===t.message)if(i=l.createElement(\"a\"),a=l.createElement(\"a\"),i.href=r.getAttribute(\"src\"),a.href=t.value,o.test(a.protocol))if(a.host===i.host)if(l.activeElement===r)d.top.location.href=t.value}}},e)d.addEventListener(\"message\",d.wp.receiveEmbedMessage,!1),l.addEventListener(\"DOMContentLoaded\",t,!1),d.addEventListener(\"load\",t,!1);function t(){if(!n){n=!0;for(var e,t,r=-1!==navigator.appVersion.indexOf(\"MSIE 10\"),i=!!navigator.userAgent.match(\/Trident.*rv:11\\.\/),a=l.querySelectorAll(\"iframe.wp-embedded-content\"),s=0;s<a.length;s++){if(!(e=a[s]).getAttribute(\"data-secret\"))t=Math.random().toString(36).substr(2,10),e.src+=\"#?secret=\"+t,e.setAttribute(\"data-secret\",t);if(r||i)(t=e.cloneNode(!0)).removeAttribute(\"security\"),e.parentNode.replaceChild(t,e)}}}}(window,document);\n\/\/--><!]]>\n<\/script><iframe sandbox=\"allow-scripts\" security=\"restricted\" src=\"https:\/\/jacqueline-fehr.blog\/wordpress\/sicherheit-gegen-oeffnung\/embed\/\" width=\"600\" height=\"338\" title=\"&#8222;Sicherheit gegen \u00d6ffnung&#8220; &#8211; jacqueline-fehr.blog - Blog von Jacqueline Fehr\" frameborder=\"0\" marginwidth=\"0\" marginheight=\"0\" scrolling=\"no\" class=\"wp-embedded-content\"><\/iframe>","thumbnail_url":"https:\/\/jacqueline-fehr.blog\/wordpress\/wp-content\/uploads\/2023\/12\/Bild_EU_Fahne.jpeg","thumbnail_width":640,"thumbnail_height":427,"description":"Jetzt ist es offiziell: Der Bundesrat und die EU wollen \u00fcber ein Paket von neuen und erneuerten Vertr\u00e4gen verhandeln. Entscheiden wird am Ende die Bev\u00f6lkerung und diese sagt Ja zum Paket, wenn den Menschen daraus keine Nachteile erwachsen. Das bedeutet: Ohne sozialpolitische Absicherungen gibt es keine Mehrheit f\u00fcr den europapolitischen Fortschritt."}

Sicherheit gegen Öffnung | Blog von Jacqueline Fehr

<blockquote class="wp-embedded-content"><a href="https://jacqueline-fehr.blog/wordpress/sicherheit-gegen-oeffnung/">Sicherheit gegen Öffnung</a></blockquote>
<script type='text/javascript'>
<!--//--><![CDATA[//><!--
		/*! This file is auto-generated */
		!function(d,l){"use strict";var e=!1,n=!1;if(l.querySelector)if(d.addEventListener)e=!0;if(d.wp=d.wp||{},!d.wp.receiveEmbedMessage)if(d.wp.receiveEmbedMessage=function(e){var t=e.data;if(t)if(t.secret||t.message||t.value)if(!/[^a-zA-Z0-9]/.test(t.secret)){for(var r,i,a,s=l.querySelectorAll('iframe[data-secret="'+t.secret+'"]'),n=l.querySelectorAll('blockquote[data-secret="'+t.secret+'"]'),o=new RegExp("^https?:$","i"),c=0;c<n.length;c++)n[c].style.display="none";for(c=0;c<s.length;c++)if(r=s[c],e.source===r.contentWindow){if(r.removeAttribute("style"),"height"===t.message){if(1e3<(a=parseInt(t.value,10)))a=1e3;else if(~~a<200)a=200;r.height=a}if("link"===t.message)if(i=l.createElement("a"),a=l.createElement("a"),i.href=r.getAttribute("src"),a.href=t.value,o.test(a.protocol))if(a.host===i.host)if(l.activeElement===r)d.top.location.href=t.value}}},e)d.addEventListener("message",d.wp.receiveEmbedMessage,!1),l.addEventListener("DOMContentLoaded",t,!1),d.addEventListener("load",t,!1);function t(){if(!n){n=!0;for(var e,t,r=-1!==navigator.appVersion.indexOf("MSIE 10"),i=!!navigator.userAgent.match(/Trident.*rv:11\./),a=l.querySelectorAll("iframe.wp-embedded-content"),s=0;s<a.length;s++){if(!(e=a[s]).getAttribute("data-secret"))t=Math.random().toString(36).substr(2,10),e.src+="#?secret="+t,e.setAttribute("data-secret",t);if(r||i)(t=e.cloneNode(!0)).removeAttribute("security"),e.parentNode.replaceChild(t,e)}}}}(window,document);
//--><!]]>
</script><iframe sandbox="allow-scripts" security="restricted" src="https://jacqueline-fehr.blog/wordpress/sicherheit-gegen-oeffnung/embed/" width="600" height="338" title="&#8222;Sicherheit gegen Öffnung&#8220; &#8211; jacqueline-fehr.blog - Blog von Jacqueline Fehr" frameborder="0" marginwidth="0" marginheight="0" scrolling="no" class="wp-embedded-content"></iframe>

Jetzt ist es offiziell: Der Bundesrat und die EU wollen über ein Paket von neuen und erneuerten Verträgen verhandeln. Entscheiden wird am Ende die Bevölkerung und diese sagt Ja zum Paket, wenn den Menschen daraus keine Nachteile erwachsen. Das bedeutet: Ohne sozialpolitische Absicherungen gibt es keine Mehrheit für den europapolitischen Fortschritt.
